divisor of 32965356 and 298.
298
Calculate the greatest common divisor of 77 and 6101128880.
77
What is the highest common factor of 5262 and 634111342?
1754
What is the greatest common factor of 2846608 and 48?
16
Calculate the greatest common factor of 3764365 and 17314.
11
What is the greatest common factor of 9910530 and 4662?
126
What is the greatest common divisor of 1543957 and 799?
17
Calculate the highest common factor of 63 and 8233884.
9
Calculate the greatest common factor of 41 and 1499268320.
41
What is the highest common divisor of 340 and 15121670?
170
Calculate the greatest common factor of 4212 and 45440772.
156
What is the highest common factor of 16814835 and 33300?
1665
What is the highest common factor of 54548560 and 1320?
440
What is the highest common divisor of 35754 and 19762266?
606
Calculate the greatest common factor of 2480 and 450944.
16
Calculate the highest common divisor of 596258 and 23218.
494
Calculate the greatest common divisor of 5332 and 21390.
62
What is the greatest common factor of 21005421 and 6?
3
What is the highest common factor of 54 and 652134?
6
Calculate the highest common factor of 71023231 and 1167.
389
Calculate the highest common divisor of 6 and 3733808664.
6
What is the highest common factor of 40172 and 46480?
332
What is the highest common factor of 1 and 393977?
1
What is the highest common divisor of 36 and 44191692?
36
What is the greatest common divisor of 396200 and 38400?
200
Calculate the greatest common factor of 2964 and 2885340.
228
What is the highest common divisor of 6208137 and 3059667?
8073
What is the highest common divisor of 49793 and 4592788?
493
What is the greatest common divisor of 85863577 and 53824?
841
Calculate the highest common divisor of 161704 and 221154.
2378
What is the greatest common factor of 228 and 343617584?
76
What is the greatest common divisor of 15052042 and 1119?
373
What is the greatest common divisor of 98300 and 6014300?
100
What is the greatest common factor of 38820457 and 2769?
923
Calculate the greatest common factor of 137072 and 500144.
16
What is the greatest common divisor of 48400 and 7775?
25
Calculate the highest common divisor of 794025 and 69075.
225
What is the highest common factor of 915705 and 172935?
2835
What is the greatest common factor of 56820464 and 262?
262
What is the greatest common divisor of 53922 and 30840546?
2838
What is the greatest common factor of 669548 and 4686?
22
Calculate the highest common factor of 152257714 and 29.
29
Calculate the highest common factor of 2880 and 2868336.
144
What is the highest common factor of 1329855 and 735?
15
What is the highest common divisor of 1015 and 47877970?
35
Calculate the greatest common divisor of 1638 and 121672824.
546
Calculate the greatest common divisor of 3919743 and 6705.
1341
What is the highest common divisor of 50400 and 1106700?
2100
Calculate the greatest common divisor of 45666 and 8614.
118
Calculate the greatest common divisor of 36001 and 122507.
259
What is the highest common factor of 23 and 11198585?
23
Calculate the highest common divisor of 88013175 and 7515.
2505
What is the highest common factor of 416435700 and 13800?
6900
Calculate the highest common factor of 18704676 and 4668.
4668
What is the greatest common factor of 682 and 115382?
62
Calculate the highest common factor of 8587230 and 60.
30
What is the greatest common divisor of 24975 and 37734450?
2775
What is the greatest common divisor of 14132979 and 741?
57
What is the highest common factor of 295 and 19885585?
5
What is the highest common factor of 332 and 418611164?
332
What is the highest common divisor of 362056 and 32398?
334
Calculate the highest common factor of 97536 and 1288542.
762
Calculate the highest common divisor of 17493 and 384160.
343
What is the greatest common divisor of 104482 and 19455163?
3073
Calculate the highest common factor of 403 and 1080430.
13
Calculate the greatest common factor of 47595 and 314295.
15
What is the greatest common divisor of 853404 and 19133?
361
Calculate the greatest common factor of 430062 and 199068.
1878
What is the greatest common divisor of 239 and 4742238?
239
What is the highest common factor of 230100 and 17186?
26
Calculate the greatest common factor of 1002 and 3285714.
6
What is the highest common divisor of 2272787 and 234223?
1177
Calculate the highest common divisor of 11984747 and 32167.
1693
What is the highest common factor of 375213 and 6067671?
2073
What is the highest common factor of 10 and 161562875?
5
What is the greatest common factor of 24832 and 1228408?
776
What is the greatest common divisor of 3262480 and 5527394?
6274
What is the greatest common divisor of 1867 and 3726?
1
Calculate the greatest common divisor of 121676179 and 71.
71
What is the greatest common divisor of 14 and 8040502?
2
Calculate the greatest common factor of 7835380 and 1370.
10
Calculate the highest common factor of 1503757 and 47027.
41
Calculate the greatest common factor of 851 and 16684188.
37
Calculate the greatest common factor of 1070495 and 1203767.
617
What is the highest common divisor of 22 and 184204020?
22
What is the highest common factor of 11758563 and 1332?
333
Calculate the highest common factor of 14933 and 6877573.
109
What is the greatest common factor of 36 and 59520204?
36
Calculate the greatest common factor of 1077 and 40510996.
359
What is the greatest common divisor of 6728 and 142243376?
6728
Calculate the greatest common factor of 1476990 and 1245.
15
Calculate the greatest common factor of 5224825 and 50.
25
What is the highest common factor of 16722 and 3925025?
929
What is the greatest common factor of 36504 and 3619304?
1352
Calculate the greatest common factor of 192896 and 191488.
1408
Calculate the highest common factor of 27495 and 38883.
39
Calculate the highest common factor of 1010030 and 2526610.
3070
Calculate the greatest common factor of 21386 and 2757536.
1258
Calculate the highest common factor of 768 and 4583168.
256
Calculate the greatest common factor of 24 and 1522454.
2
Calculate the greatest common divisor of 13 and 30682249.
13
Calculate the greatest common factor of 13614 and 196728.
6
What is the highest common factor of 482202886 and 41?
41
What is the greatest common factor of 1868445 and 6?
3
Calculate the greatest common divisor of 61705596 and 2685.
537
Calculate the highest common factor of 17228898 and 522.
18
What is the greatest common divisor of 1241 and 1646771011?
1241
What is the highest common divisor of 10031 and 11739136?
1433
What is the greatest common divisor of 5593 and 1836903397?
5593
What is the highest common divisor of 19719 and 10507097?
313
What is the highest common divisor of 368752 and 17936?
304
What is the highest common divisor of 26972 and 1921142?
1226
Calculate the greatest common factor of 4194 and 53808.
6
Calculate the highest common factor of 3053 and 402286.
71
What is the highest common factor of 903340 and 259346?
2914
Calculate the highest common divisor of 24 and 23707956.
12
Calculate the greatest common factor of 62453 and 6031645.
3287
Calculate the highest common factor of 366662 and 11666.
38
Calculate the highest common factor of 42199003 and 77.
77
Calculate the highest common factor of 3240 and 5939880.
120
Calculate the highest common divisor of 1350 and 695214.
18
What is the highest common factor of 273 and 13683579?
273
Calculate the highest common factor of 34593188 and 1988.
1988
Calculate the greatest common divisor of 1757 and 3476599.
7
What is the highest common factor of 40971899 and 781?
71
Calculate the greatest common divisor of 29829835 and 3045.
1015
Calculate the greatest common factor of 323974 and 8347696.
1022
Calculate the greatest common factor of 351646 and 78346.
1822
Calculate the highest common divisor of 32163 and 222159.
213
Calculate the greatest common divisor of 101524527 and 39.
39
Calculate the greatest common factor of 147276083 and 229.
229
What is the highest common divisor of 1491 and 621201?
21
Calculate the greatest common divisor of 581631640 and 40.
40
Calculate the greatest common divisor of 547288 and 3857.
203
What is the highest common factor of 849 and 391321080?
849
Wh